common divisor of d and 14?
14
Let z be (-2 - -94) + 2*-2. Let h(t) = 3*t - 4. Let a be h(5). Calculate the highest common divisor of a and z.
11
Suppose 90 = -0*q + 5*q. What is the greatest common factor of q and 12?
6
Let u(f) = 2*f + 40. Let a be u(0). Calculate the greatest common divisor of 10 and a.
10
Let d = -3 - -3. Suppose d + 8 = b. Let a = b - -1. Calculate the greatest common divisor of 99 and a.
9
Suppose -6*n = -n - 4*c - 74, 0 = -c + 4. What is the greatest common factor of n and 18?
18
Let r(s) = 2*s**3 - s**2 + 2*s - 1. Let n(y) = y**2 + 3*y + 3. Let x be n(-2). Let g be r(x). What is the greatest common factor of 3 and g?
1
Let k = -44 + 76. What is the greatest common divisor of 48 and k?
16
Let w(o) = 8*o**2 - o. Let m be w(2). Calculate the greatest common divisor of m and 10.
10
Suppose -3*p = -5*p + 14. Let v(i) = i**2 + 3*i. Let o be v(4). Calculate the highest common factor of p and o.
7
Let z(d) = 8*d. Let k be z(1). Let v(f) = f**2 - 2*f - 5. Let r be v(5). Suppose 4*j - r = -2. Calculate the greatest common factor of j and k.
2
Let g(f) = f**3 - 7*f**2. Let i be g(7). Let w(z) = -z**2 + z + 9. Let b be w(i). What is the highest common divisor of b and 99?
9
Suppose -4*f + 24 = -0*f. Suppose -z - 5*u - 4 = 0, 0 = -0*z - 4*z + 4*u - 16. Let c = z - -28. Calculate the greatest common factor of f and c.
6
Let h = -1 + -12. Let r = h + 18. What is the highest common factor of 55 and r?
5
Let b be (6/4)/((-8)/(-144)). Calculate the greatest common factor of 9 and b.
9
Let o be (-4)/(3 + 32/(-10)). Suppose -5*c + 2*q + 12 = 0, -o = c - 5*c - q. What is the greatest common factor of 1 and c?
1
Suppose 0 = -5*v + o + 169, -3*v + 111 = -0*o - 3*o. What is the greatest common divisor of v and 99?
33
Let s = 28 - 24. Suppose 3*z = p + 3, 0 = -0*p + 2*p - s*z. What is the highest common factor of 12 and p?
6
Let q(g) = g**3 - g**2 + 1. Let p(x) = 2*x**3 - 14*x**2 - 3*x + 5. Let v(s) = -p(s) + q(s). Let d be v(13). Calculate the greatest common factor of 5 and d.
5
Let c(g) = -g + 8. Let l be c(7). Calculate the highest common factor of 8 and l.
1
Let n(t) = t**2 - 13*t + 3. Let o be n(14). Let x = 15 + 19. What is the highest common factor of o and x?
17
Let d(k) = -6*k**2 + k - 1. Let l be d(-2). Let m = l - -39. What is the highest common divisor of 60 and m?
12
Let j(d) = -327*d - 3. Let k be j(-1). Let q be (-6)/8*(-1 - 3). Suppose r = q*r - k. What is the highest common divisor of 18 and r?
18
Let o = -21 - -26. Calculate the highest common factor of 5 and o.
5
Suppose 0*d = -3*d + 150. Suppose 0 = 4*f + f - d. Let m be f*1/2 + 2. What is the greatest common divisor of m and 1?
1
Suppose -j - 4365 = 4*j. Let g be 2/9 + j/(-81). Let a = 16 + -5. Calculate the highest common factor of g and a.
11
Suppose 3*o - 5*z - 5 + 1 = 0, z = -4*o + 13. Suppose -99 - 66 = -o*b. What is the highest common divisor of b and 5?
5
Let z be (-270)/(-65) + 4/(-26). Let v = 0 + 64. Suppose 0 = l + l - v. What is the highest common factor of z and l?
4
Let o be (2/(-4))/((-1)/10). Suppose i = o*i - 4. Let b be (-2)/(-4)*2 - (-2 - 0). What is the greatest common factor of i and b?
1
Suppose z - 22 - 187 = 0. Let s be (-2 - 17)/(2/(-2)). What is the highest common divisor of s and z?
19
Let z(k) be the first derivative of k**3/3 + k**2 + k - 2. Let y be z(-5). Let g = 6 - 2. Calculate the highest common factor of g and y.
4
Let o be (-162)/2*(-4)/3. Suppose 0 = y - 0*y - 17. Suppose 4*z - 65 = -y. What is the highest common factor of z and o?
12
Let d be 2 - (-1)/(3/(-6)). Suppose d*l + 4*l = 72. Suppose -z - 3*h = -2*h - 23, -5*h = -2*z + 11. What is the greatest common factor of z and l?
18
Let g(i) = -12*i - 20. Let d be g(-5). Let s(f) = -f + 2. Let v be s(4). Let x be (0 + v/5)*-10. What is the greatest common factor of x and d?
4
Let t = 14 - 10. Suppose -3*y + 0*y = -3*u + 99, 0 = 4*u - 3*y - 127. Calculate the greatest common divisor of u and t.
4
Let j = 4 + 0. Let x be (-8)/2*(-12 - j). Calculate the highest common divisor of x and 16.
16
Let y = 12 + 6. Suppose 0 = 5*b - 2*a + 4, 5*a - 10 = 3*b + 2*b. Suppose b = -2*l + 486 - 90. Calculate the greatest common divisor of l and y.
18
Let g = -5 - 43. Let l(x) = x**3 + x**2 + x + 7. Let b be l(0). Let v = b - g. What is the highest common factor of v and 11?
11
Let j(g) = 12*g - 14. Let w be j(2). Calculate the greatest common divisor of 20 and w.
10
Let n = -11 - -51. Let s(w) = w**2 - w + 60. Let c be s(0). What is the greatest common factor of n and c?
20
Let j = -19 + 37. Let h(p) = p**2 - p - 2. Let f be h(-4). What is the highest common divisor of f and j?
18
Suppose -32 = 2*a - 6*a. Suppose 21 = 3*w - 5*c, -3*w = 2*c - 19 - 23. Let x be w/((-2)/(-4) + 1). What is the highest common factor of a and x?
8
Suppose -3*h + 8*h - 50 = 0. Calculate the greatest common factor of 140 and h.
10
Let q be 1/(-2)*-2 - -6. Let o(r) = r**2 - 5*r - 10. Let x be o(q). Calculate the greatest common divisor of x and 1.
1
Let o be (-4)/(-14) + (-132)/(-28). Let u(h) = -2*h + 3. Let m be u(-1). Calculate the greatest common divisor of o and m.
5
Suppose 0*d = -2*d + 40. Calculate the greatest common factor of 200 and d.
20
Let r be (30/9 - 3)*0. Let p be 10/6*(2 - -1). Suppose -p*z = -r*z - 20. What is the highest common factor of 10 and z?
2
Let x = -25 + 38. What is the greatest common divisor of 52 and x?
13
Suppose -4*k = -5*u + 43, 29 = 5*u - 2*k - 10. Calculate the greatest common factor of u and 1.
1
Let z = -14 - -18. Suppose z*m - 3 = h + 3, h = m. Calculate the greatest common factor of 5 and m.
1
Let r(j) = j**2 + 3*j. Suppose -3*h - 5 = -2*h. Let u be r(h). Suppose -144 = -3*g + 3*b, -2*b + 7*b = -4*g + 210. What is the highest common factor of u and g?
10
Suppose -4*u + 36 = f - u, 34 = f + 4*u. Calculate the greatest common factor of f and 6.
6
Let b = 0 + 2. Suppose b*z = 4*z - 8. Suppose z*q = -4*m + 144, -4*q + 7*q + 57 = 2*m. What is the highest common divisor of m and 3?
3
Let x be (-1)/2 + 237/6. Let j = 17 - 41. Let s be (j - 2)/2*-2. What is the highest common factor of s and x?
13
Let q(a) = a**2 + 19*a - 181. Let x be q(7). Let n = 29 - 21. What is the highest common divisor of x and n?
1
Suppose -z + 59 = -5*t + t, -5*z - 3*t = -272. Let l(k) = k**3 - 3*k**2 + k + 2. Let d be l(3). Calculate the highest common divisor of z and d.
5
Let i(s) = s**3 - 7*s**2 + 2*s - 10. Let o be i(7). Let x be -23*(o - 3)/(-1). Calculate the greatest common factor of x and 23.
23
Let q(v) = v + 18. Let a be q(0). What is the highest common divisor of a and 126?
18
Let o = 308 + -56. Suppose -2*k + o = k. Let i be k*-1*(-3)/2. What is the greatest common divisor of 18 and i?
18
Let s(z) = -2*z**2 - 24*z. Let y be s(-9). What is the highest common factor of 27 and y?
27
Let d(g) = -g + 18. Let y be d(0). Let t be 2/6 + 5/3. Suppose -t*q + y = -0*q. What is the highest common factor of q and 9?
9
Suppose 3*a + 118 = -110. Let c = 112 + a. Calculate the greatest common factor of 12 and c.
12
Let y(u) = -u**3 - 7*u**2 - 6*u + 3. Let n be y(-6). Suppose -3 + 4 = o. Calculate the greatest common factor of n and o.
1
Let n = 8 - 4. Let f(z) = -4*z + n*z + 2*z + 6 - z. Let s be f(6). Calculate the highest common divisor of s and 18.
6
Let v(h) = 22*h**3 - h**2 + h - 1. Let t be v(1). Let m(p) = -p**2 - 7*p - 3. Let y be m(-5). Calculate the greatest common divisor of t and y.
7
Let z be -2*(-3)/(-6)*7. Let x = -5 - z. Calculate the highest common divisor of x and 8.
2
Suppose 3*b - 7 = 8. What is the highest common divisor of 5 and b?
5
Let t be ((-12)/3 - -2)*-20. Suppose v + 600 = 7*v. Calculate the greatest common factor of v and t.
20
Let x(u) = u**3 - 4*u**2 - 3*u. Let r be x(5). Let f be (-4)/r - (-228)/20. Calculate the highest common divisor of 22 and f.
11
Let s be 0*((-2)/4 + 0). Suppose -j + 2*l - 9 = s, -3*j - j + 4*l - 16 = 0. What is the highest common divisor of j and 8?
1
Suppose -3*x + 0*x + 240 = 0. What is the highest common factor of x and 20?
20
Suppose 4*v + 3*n - 170 = 0, 2*v = -6*n + 5*n + 86. Let g = 6 - -5. What is the highest common factor of v and g?
11
Let b(i) = -2*i**2 - 3*i**3 + 0*i**3 - i + i**3. Let f be 208/(-117) + 4/(-18). Let n be b(f). Calculate the highest commo